et t = 710 - b. What is the greatest common divisor of t and 192?
12
Let s be -1 + 3 - (-14 + 16). Suppose -151 = -2*x + 2*l - 47, s = -3*x - 3*l + 132. Calculate the highest common divisor of x and 12.
12
Suppose 0 = -3*b - 2 + 53. Suppose -4*w + 5292 = b*w. What is the greatest common factor of 36 and w?
36
Let j = 194 - 194. Let l be j - (-4 + 5/5) - -32. What is the greatest common factor of l and 560?
35
Let p be (694 - 13) + -13 + 72/(-9). Calculate the greatest common divisor of p and 1870.
110
Let a = -14 - -22. Suppose -a*r = -12*r + 48. Calculate the greatest common factor of r and 48.
12
Let p = 79 - 53. Let o(r) = 17*r - 22. Suppose 4*t = u + 25 + 27, -64 = -5*t + u. Let q be o(t). Calculate the greatest common divisor of p and q.
26
Suppose -3*t + 6 + 66 = -p, -3*t = -4*p - 81. Suppose -8*i = t*i - 806. Calculate the greatest common factor of i and 91.
13
Let n be ((-6584)/(-40) - 12) + -1 + 6/15. Calculate the greatest common factor of n and 1938.
38
Let g = 116 + -120. Let r be 2*g/(8/(-89)). Suppose -r - 15 = -8*z. What is the greatest common divisor of 13 and z?
13
Suppose 6*x - 2340 = 12*x. Let b = x + 391. What is the highest common divisor of b and 1?
1
Let x = -1227 - -1235. Calculate the highest common factor of x and 332.
4
Suppose 10*d = 21*d + 55. Let a be 21 - (d - 0)/5. Calculate the highest common factor of a and 352.
22
Let f(l) = l**3 - 2*l**2 - 13*l - 10. Let w be f(7). Suppose -7*q + w = 2*q. Let s = -272 + 352. What is the highest common divisor of s and q?
16
Let j be (6/16)/(15/20)*12. Suppose 0 = -r + v + j, 0*r - 3*v = 2*r + 3. What is the greatest common divisor of r and 33?
3
Let l(j) = 3*j**3 + 199*j**2 - 79*j + 96. Let h be l(-66). Calculate the greatest common divisor of 324 and h.
54
Let k be -636*(1270/(-60) + 21). Calculate the greatest common divisor of k and 1749.
53
Suppose 5*g - 14 = 21. Suppose g*u + 0 = 98. Suppose 589 - 211 = 3*k. Calculate the highest common divisor of k and u.
14
Let h be (7*-1*-4)/(22 - 20). Suppose 4*m - 252 = -h*m. What is the greatest common factor of 238 and m?
14
Let s(m) = -m**2 - 24*m + 146. Let q be s(-31). Let r = q + 81. Calculate the highest common divisor of 290 and r.
10
Let t(b) = -26*b - 99. Let h be t(-4). Suppose -2*k + 306 = -4*d, -5*d = h*k - 6*d - 801. What is the highest common factor of k and 69?
23
Let q(t) = t**3 - 22*t**2 - 18*t + 9. Let z be q(23). Suppose 44 + z = 8*s. Calculate the greatest common factor of 9 and s.
3
Let q be 22/(264/42)*(-264)/(-7). What is the highest common divisor of q and 564?
12
Let q(y) = 2*y**3 - 4*y**2 - 4*y + 1. Let g be q(-3). Let d = -51 + 144. Let a = g + d. Calculate the highest common divisor of 176 and a.
16
Let q be ((-12)/9)/((-12)/(-9)). Suppose -y - 2 = 5*f, f + 2*f = -3*y + 6. Let v be q + y - 636/(-4). Calculate the greatest common factor of 23 and v.
23
Let m = 118 + -36. Calculate the greatest common factor of m and 27634.
82
Let t be -14 - ((-8 - 2201) + 10). What is the highest common factor of 190 and t?
95
Let f(x) = 687*x - 400. Let g be f(3). Let d(q) = 11*q**2 - q + 1. Let w be d(1). What is the highest common divisor of g and w?
11
Let r(c) = c**3 + 24*c**2 - 107*c + 111. Let l be r(-24). Calculate the highest common factor of 247 and l.
19
Let b be (-43 + 38)/(((-75)/(-12))/(-5)). Suppose 0 = -4*h - 4*c + 18 + 22, c = -b*h + 40. What is the highest common factor of 490 and h?
10
Let g = 6358 + -6290. What is the greatest common divisor of g and 3893?
17
Let v be -3 + (-1 - ((-4)/2 + -3)). Let u(t) be the second derivative of t**3 - 2*t**2 + 7*t. Let g be u(v). What is the highest common factor of g and 2?
2
Let n = -115 + 173. Let c be 1/((-3)/n)*3/(-2). Calculate the highest common factor of 145 and c.
29
Suppose 10*q - 144 = 143 - 7. Calculate the greatest common divisor of 524 and q.
4
Let u(d) = -d**3 - 32*d**2 + 9*d + 323. Let p be u(-32). What is the highest common divisor of 336 and p?
7
Let w be 75 - -1 - (-10 - -2 - -8). Let b = 106 - w. What is the highest common factor of b and 130?
10
Suppose 4*p - 31 = 1, 4*p - 3668 = -3*r. What is the highest common factor of r and 8787?
303
Let u = 1213 + -876. Suppose -u = -g - 150. Calculate the greatest common factor of 22 and g.
11
Let r(b) = -2*b**3 - 13*b**2 - 16*b + 1. Let d be r(-5). What is the greatest common divisor of d and 1446?
6
Let u = 299 - 234. Let f = u + -52. Suppose 7*t = 2*t - 5, -3*t - 55 = -4*n. Calculate the highest common divisor of f and n.
13
Suppose 3*d - 6 = 0, -5*m + 4*d - d = -469. Let l = m + -38. Let z be (-19 - 0)*(-25 - -23). What is the greatest common factor of z and l?
19
Let h(b) = 2*b - 33. Let y(v) = -3*v + 35. Let k(n) = -4*h(n) - 3*y(n). Let t be k(16). Calculate the highest common divisor of t and 559.
43
Let z(v) = v**3 - 119*v**2 + 352*v - 456. Let o be z(116). What is the greatest common divisor of 1882 and o?
2
Let s = -23669 + 23913. What is the highest common factor of s and 5?
1
Let q be -1 - -100 - (4 + -6). Let n = q - 64. Suppose -200 = n*m - 45*m. What is the highest common factor of 5 and m?
5
Let o(a) = -a**2 + 102*a + 407. Let y be o(56). Calculate the highest common divisor of y and 471.
157
Let o be (-6)/9*(-33)/2. Suppose -165 = 14*r - 17*r. What is the highest common divisor of o and r?
11
Let l be (-8)/(-2)*(-200)/(-2). Suppose -z = -5*a - 20, 3*z - 7 = 5*a + 63. What is the highest common divisor of z and l?
25
Let r(l) = -17*l - 2. Let i be r(0). Let b be i + (-20)/15*171/(-6). Let h(k) = k**2 - 3*k - 6. Let m be h(6). Calculate the highest common divisor of b and m.
12
Suppose -22161 = -5*i - 2*o, -286*i + 290*i + 5*o - 17722 = 0. What is the greatest common divisor of i and 13?
13
Suppose -10344 = 113*k - 312280. What is the highest common factor of k and 501?
167
Let o be 2695 + 20 + -20 + 14. Calculate the greatest common divisor of 63 and o.
63
Suppose 2*o - 6 = d, 3*d + d + 6 = 2*o. Suppose p + 2 - 19 = d. Suppose -3*a + p = -19. Calculate the highest common factor of 84 and a.
12
Let w(t) = t**2 - 155*t + 919. Let m be w(6). Let d(b) = 2*b**2 - 5*b + 13. Let y be d(11). What is the highest common factor of m and y?
25
Suppose 24 = 2*w - 0. Suppose -8*c + 4*c = -w. Suppose -l - 2*v = -71 + 17, -3*l - c*v = -171. Calculate the highest common divisor of 15 and l.
15
Suppose -4*t - 1222 = -3*a, 3*a + 5*t = -a + 1619. What is the greatest common divisor of 522 and a?
58
Suppose -43673 = -28*l + 39933 + 4622. What is the highest common divisor of l and 391?
23
Let d(q) = q**2 + 2. Let g be d(-2). Suppose -5*u = -11*h + g*h + 290, 5*h - 292 = 4*u. What is the greatest common factor of 18 and h?
6
Suppose 654*d + 180 = 659*d - h, 108 = 3*d - 4*h. What is the highest common divisor of 960 and d?
12
Let c = -9160 - -9174. What is the greatest common factor of c and 11?
1
Suppose -23109 = -28*d - 2473. Let k = d + -532. What is the highest common factor of 82 and k?
41
Let y = 107 + 5. Suppose 3*o - 2*o + 26 = 2*m, 0 = 3*m - o - 38. Let p be 34/4 - 6/m. What is the greatest common divisor of p and y?
8
Suppose 16270 = 2*c + m, 11821 = 2*c + 4*m - 4443. Calculate the greatest common factor of 144 and c.
72
Suppose -5*u = 5*a - 1485, 0*a = a - 4*u - 272. Suppose -296*t + 180 = -a*t. Calculate the greatest common divisor of t and 60.
15
Let l(p) = p**3 + 12*p**2 + 39*p + 254. Let g be l(-8). What is the highest common divisor of 9306 and g?
198
Suppose 2*f + 3*r = 64, 0*f = 5*f - r - 126. Suppose 2*y = -4*m + 36, -2*y + 5*m = -4 - 23. Let u = f - y. What is the greatest common factor of u and 2?
2
Suppose 0 = 5*d - 0*d - 80. Suppose 154*b = 152*b + d. Let c be ((-68)/b)/(2 + 20/(-8)). Calculate the highest common divisor of c and 1.
1
Suppose s = 3*r - 0*s - 154, 254 = 5*r - s. Suppose -3*c + 6*z - 2*z - 8 = 0, 2*z = 4. Let q = 20 + c. Calculate the highest common divisor of q and r.
10
Let g be ((-6)/(-5))/((-24)/26070)*(-896)/192. Calculate the greatest common divisor of 79 and g.
79
Let r = 2435 - 2189. Calculate the highest common divisor of 6 and r.
6
Suppose -34*a + 1130 = -23*a + 338. Let d be 1 - (1*-5 + 1). Suppose d*k = 37 + 8. Calculate the greatest common factor of a and k.
9
Let t be 12/(-9)*(18/4)/3. Let m be -3 - (-1)/t*-346. Suppose 5*d - m = -5*w, -2*d - 3*d - 70 = -3